{"id":192,"date":"2018-11-27T13:42:47","date_gmt":"2018-11-27T12:42:47","guid":{"rendered":"http:\/\/2m-design-communication.com\/?page_id=192"},"modified":"2019-06-05T09:59:24","modified_gmt":"2019-06-05T08:59:24","slug":"accueil","status":"publish","type":"page","link":"https:\/\/2m-design-communication.com\/","title":{"rendered":""},"content":{"rendered":"<h5 style=\"text-align: center;\"><a href=\"http:\/\/2m-design-communication.com\/index.php\/objets-promotionnels\/\">OBJETS PUBLICITAIRES<\/a> &#8211; <a href=\"http:\/\/2m-design-communication.com\/index.php\/textile-de-representation\/\">TEXTILE PROMOTIONNEL<\/a> &#8211; <a href=\"http:\/\/2m-design-communication.com\/index.php\/cadeaux-daffaire\/\">CADEAUX D&#8217;AFFAIRE<\/a><\/h5>\n<h3>&nbsp;<\/h3>\n<h3 style=\"text-align: center;\"><div id=\"metaslider-id-297\" style=\"max-width: 1300px;\" class=\"ml-slider-3-96-0 metaslider metaslider-nivo metaslider-297 ml-slider ms-theme-default\" role=\"region\" aria-roledescription=\"Slideshow\" aria-label=\"New Slideshow\">\n    <div id=\"metaslider_container_297\">\n        <div class='slider-wrapper theme-default'><div class='ribbon'><\/div><div id='metaslider_297' class='nivoSlider'><img loading=\"lazy\" decoding=\"async\" src=\"https:\/\/2m-design-communication.com\/wp-content\/uploads\/2018\/11\/Depositphotos_42358047_original-1300x450.jpg\" height=\"450\" width=\"1300\" alt=\"\" class=\"slider-297 slide-304\" \/><img loading=\"lazy\" decoding=\"async\" src=\"https:\/\/2m-design-communication.com\/wp-content\/uploads\/2018\/11\/Depositphotos_185356272_original-scaled.jpg\" height=\"450\" width=\"1300\" title=\"godes objets publicitaires\" alt=\"\" class=\"slider-297 slide-305\" \/><img loading=\"lazy\" decoding=\"async\" src=\"https:\/\/2m-design-communication.com\/wp-content\/uploads\/2018\/11\/Depositphotos_96102988_original-scaled.jpg\" height=\"450\" width=\"1300\" title=\"goodies lunette stylo cadeau  textile publicitaire\" alt=\"\" class=\"slider-297 slide-306\" \/><\/div><\/div>\n        \n    <\/div>\n<\/div><\/h3>\n<h3 style=\"text-align: center;\">L&#8217;objet, ROI des M\u00e9dias<\/h3>\n<p>Quel que soit l\u2019objectif de communication, l\u2019objet publicitaire s\u2019impose comme un m\u00e9dia toujours comp\u00e9titif. Il offre une exposition maximale \u00e0 une entreprise, promeut ses valeurs et fid\u00e9lise sa client\u00e8le.<\/p>\n<p>Adapt\u00e9 \u00e0 tous il participe \u00e0 cette mise en avant, en r\u00e9pondant \u00e0 des enjeux strat\u00e9giques : gagner en visibilit\u00e9, p\u00e9n\u00e9trer durablement dans le quotidien des utilisateurs ou encore marquer les m\u00e9moires en remerciant ses clients.<\/p>\n<h3 style=\"text-align: center;\">&nbsp;<\/h3>\n<ul>\n<li>Co\u00fbt moyen tr\u00e8s comp\u00e9titif ;<\/li>\n<li>Forte visibilit\u00e9 et une grande long\u00e9vit\u00e9 ;<\/li>\n<li>Performances records en termes de m\u00e9morisation, d\u2019agr\u00e9ment, d\u2019image et de fid\u00e9lit\u00e9.<\/li>\n<li>Il s\u2019impose comme un m\u00e9dia durable : 95 % des Fran\u00e7ais ont re\u00e7u un objet publicitaire le conservent ou le donnent. Le taux de circulation d\u2019un objet pub est tr\u00e8s \u00e9lev\u00e9 (7 pour un stylo).<\/li>\n<\/ul>\n<p>&nbsp;<\/p>\n<p>Il est parfaitement adapt\u00e9 \u00e0 notre \u00e9poque o\u00f9 le besoin en m\u00e9dia affinitaire et en campagne de niche est plus fort que jamais, <strong>d&#8217;ailleurs 77% des fran\u00e7ais souhaitent recevoir un objet publicitaire.&nbsp;<\/strong><\/p>\n<p>Enfin, dans un univers media satur\u00e9 par la pub, souvent per\u00e7ue comme intrusive, sa grande force r\u00e9side dans le lien affectif que l\u2019objet cr\u00e9e entre une entreprise et son client. Plaisir de recevoir, intact tant que l\u2019objet offert est de qualit\u00e9 et judicieusement choisi, n\u2019a pas son \u00e9gal comme vecteur de fid\u00e9lisation et d\u2019\u00e9motion.<\/p>\n","protected":false},"excerpt":{"rendered":"<p>OBJETS PUBLICITAIRES &#8211; TEXTILE PROMOTIONNEL &#8211; CADEAUX D&#8217;AFFAIRE &nbsp; L&#8217;objet, ROI des M\u00e9dias Quel que soit l\u2019objectif de communication, l\u2019objet publicitaire s\u2019impose comme un m\u00e9dia [&hellip;]<\/p>\n","protected":false},"author":1,"featured_media":0,"parent":0,"menu_order":0,"comment_status":"closed","ping_status":"closed","template":"","meta":{"footnotes":""},"class_list":["post-192","page","type-page","status-publish","hentry"],"_links":{"self":[{"href":"https:\/\/2m-design-communication.com\/index.php\/wp-json\/wp\/v2\/pages\/192","targetHints":{"allow":["GET"]}}],"collection":[{"href":"https:\/\/2m-design-communication.com\/index.php\/wp-json\/wp\/v2\/pages"}],"about":[{"href":"https:\/\/2m-design-communication.com\/index.php\/wp-json\/wp\/v2\/types\/page"}],"author":[{"embeddable":true,"href":"https:\/\/2m-design-communication.com\/index.php\/wp-json\/wp\/v2\/users\/1"}],"replies":[{"embeddable":true,"href":"https:\/\/2m-design-communication.com\/index.php\/wp-json\/wp\/v2\/comments?post=192"}],"version-history":[{"count":22,"href":"https:\/\/2m-design-communication.com\/index.php\/wp-json\/wp\/v2\/pages\/192\/revisions"}],"predecessor-version":[{"id":1220,"href":"https:\/\/2m-design-communication.com\/index.php\/wp-json\/wp\/v2\/pages\/192\/revisions\/1220"}],"wp:attachment":[{"href":"https:\/\/2m-design-communication.com\/index.php\/wp-json\/wp\/v2\/media?parent=192"}],"curies":[{"name":"wp","href":"https:\/\/api.w.org\/{rel}","templated":true}]}}